9, what is -15 + 1812?
1786
In base 6, what is -1115202 - 3?
-1115205
In base 14, what is 0 + 49b69?
49b69
In base 3, what is -222 + 22202011?
22201012
In base 6, what is 3011 + -11053?
-4042
In base 14, what is 0 - 964a?
-964a
In base 7, what is 153 + 144316?
144502
In base 11, what is 48 - -2645?
2692
In base 13, what is 8148 - 4?
8144
In base 15, what is -28bc - -a6?
-2816
In base 16, what is -a6cf2 - 1?
-a6cf3
In base 16, what is -1 - 27b?
-27c
In base 16, what is -a8 + -34?
-dc
In base 3, what is 1200010110 + 1?
1200010111
In base 2, what is -11110010111001100111 - -10?
-11110010111001100101
In base 9, what is -6 - 730151?
-730157
In base 9, what is 20 - 435?
-415
In base 16, what is 1 - -c05e?
c05f
In base 12, what is -3 - 2128?
-212b
In base 4, what is 13 - 101302012?
-101301333
In base 13, what is 110 + -774?
-664
In base 5, what is 31444023 + 3?
31444031
In base 7, what is -45 - 5631?
-6006
In base 14, what is -16574 - -2?
-16572
In base 5, what is 10 + 3430?
3440
In base 6, what is 13013 - 4?
13005
In base 16, what is -240f6 + -2?
-240f8
In base 7, what is -14452 - 1602?
-16354
In base 11, what is -14a - 598?
-737
In base 3, what is 2 - -20122101?
20122110
In base 6, what is 451 + -11121?
-10230
In base 4, what is 11123230 + 113?
11130003
In base 14, what is -10b + 9b?
-50
In base 9, what is -25 + -7268?
-7304
In base 16, what is -4 - -5d2?
5ce
In base 5, what is -100100 + 1012?
-44033
In base 10, what is 960 - -3810?
4770
In base 11, what is -3a00 - -16?
-3995
In base 9, what is -178132 + -5?
-178137
In base 3, what is -1012002 + -10101021?
-11120100
In base 16, what is -219 - ade?
-cf7
In base 9, what is 1350864 + 2?
1350866
In base 7, what is -12331 + -20?
-12351
In base 7, what is 33131 - -1112?
34243
In base 4, what is 1211202 + -221?
1210321
In base 2, what is 1111 + -10111000100011100?
-10111000100001101
In base 8, what is 55167 - -21?
55210
In base 8, what is -457 - 106000?
-106457
In base 7, what is 40133 + 523?
40656
In base 4, what is -33 - -210303100?
210303001
In base 9, what is -121 - 13638?
-13760
In base 4, what is -131122 - 1?
-131123
In base 7, what is -22 + -12664?
-13016
In base 16, what is -e2e - -9?
-e25
In base 14, what is 5 - -1bb036?
1bb03b
In base 2, what is 101001000000101 - -1101?
101001000010010
In base 8, what is 27355 - -5?
27362
In base 11, what is 1904896 - 0?
1904896
In base 5, what is -11220023 - -12?
-11220011
In base 7, what is 1513561 - -1?
1513562
In base 12, what is -661 - a?
-66b
In base 4, what is -1330113 + 13?
-1330100
In base 11, what is 1a383 + -7?
1a377
In base 8, what is 42 - 5015?
-4753
In base 3, what is 1 + -1000021201?
-1000021200
In base 9, what is 3354 - 11?
3343
In base 16, what is d - -12d32?
12d3f
In base 6, what is -133 - 5425?
-10002
In base 16, what is -27 - 58d?
-5b4
In base 14, what is -6 + -939d6?
-939dc
In base 11, what is 336 + -1a97?
-1761
In base 15, what is -4ed - 1d3?
-6d1
In base 4, what is 10 + -3122221033?
-3122221023
In base 13, what is -3a + -1252?
-128c
In base 14, what is 456 - -4?
45a
In base 15, what is -2 - -14dc0?
14dbd
In base 9, what is -375 - 27?
-413
In base 11, what is 0 + 44940?
44940
In base 3, what is 101111000200 + 1?
101111000201
In base 7, what is -360 - -45?
-312
In base 13, what is 94 - -25a5?
2669
In base 11, what is 48 + -17907?
-1786a
In base 9, what is -560266 - 5?
-560272
In base 16, what is 61d + 2db?
8f8
In base 15, what is -49 - -8102?
80a8
In base 12, what is -49 - -6aa25?
6a998
In base 6, what is 403 + -11014?
-10211
In base 5, what is -1131431 - 12?
-1131443
In base 11, what is 4492 - -6?
4498
In base 9, what is -44432 - 3?
-44435
In base 4, what is 2020 + -100123?
-32103
In base 14, what is -746c + -3?
-7471
In base 7, what is -2533122 - 0?
-2533122
In base 13, what is -9 - -17877?
1786b
In base 16, what is 2c - -172?
19e
In base 8, what is -302 + 14215?
13713
In base 14, what is 1d6 - a75?
-87d
In base 13, what is 2a + -125?
-c8
In base 4, what is 113 + -13221332?
-13221213
In base 9, what is -12 - -2800?
2777
In base 3, what is -11210220121 - 2?
-11210220200
In base 6, what is -202 - 4440?
-5042
In base 14, what is -13 - -653?
640
In base 4, what is 2 + 12212021?
12212023
In base 12, what is -10b25 - 75?
-10b9a
In base 8, what is 5 + 6063?
6070
In base 8, what is -430 - 12?
-442
In base 2, what is -11100001110001100 - 110110?
-11100001111000010
In base 2, what is -10 - 10010100001011?
-10010100001101
In base 9, what is -442457 + -2?
-442460
In base 5, what is 244 - 1121032?
-1120233
In base 15, what is 1caa6 + -9?
1ca9c
In base 5, what is -11310221 - 10?
-11310231
In base 3, what is 10101112222 - 122?
10101112100
In base 11, what is 0 - -1399a?
1399a
In base 16, what is 11 - 1863?
-1852
In base 14, what is -2404 - -29?
-23b9
In base 15, what is 4 + 3664?
3668
In base 4, what is -10 - 201023023?
-201023033
In base 6, what is 5 + -133?
-124
In base 7, what is -1264120 - 4?
-1264124
In base 6, what is -110102 - 130?
-110232
In base 13, what is 2792a - 0?
2792a
In base 11, what is -281 - 5aa?
-880
In base 10, what is 6 + -14871?
-14865
In base 13, what is 2649 - 72?
25a7
In base 15, what is 3dda8 - 2?
3dda6
In base 8, what is 554 - 14?
540
In base 4, what is -20321 + 20001?
-320
In base 6, what is 323435 + -2?
323433
In base 7, what is 144 - -24554?
25031
In base 11, what is -121a8 + 1?
-121a7
In base 7, what is -5 - -102224?
102216
In base 12, what is 2aa7 - 11?
2a96
In base 4, what is -1030322023 - -10?
-1030322013
In base 12, what is 173 - -a1?
254
In base 8, what is 415211 - 5?
415204
In base 6, what is 44323 - -1043?
45410
In base 10, what is -2 - 24612?
-24614
In base 16, what is -113 - -9f?
-74
In base 6, what is -412453 + -240?
-413133
In base 13, what is 1307b - -5?
13083
In base 2, what is 10101000111100000 - -101?
10101000111100101
In base 2, what is -10 + 1000011000?
1000010110
In base 9, what is -4233766 - 4?
-4233771
In base 14, what is -386 - 13?
-399
In base 11, what is 445 + -175?
280
In base 15, what is 3 + 1794?
1797
In base 6, what is 1410 + 33?
1443
In base 7, what is -16 + 1310502?
1310453
In base 8, what is 1000 + 5?
1005
In base 5, what is 0 - -132213?
132213
In base 12, what is -b9577b - -4?
-b95777
In base 16, what is -33c1 - -2c?
-3395
In base 6, what is 5 - 443031?
-443022
In base 8, what is 7 + 115455?
115464
In base 3, what is -2222002121201 + 12?
-2222002121112
In base 6, what is -25 - -55404?
55335
In base 3, what is 20 - -1010011?
1010101
In base 16, what is -5 + -52d9b?
-52da0
In base 8, what is 5 - 133711?
-133704
In base 4, what is -101011 - 11122?
-112133
In base 12, what is 37 - -1a6b?
1aa6
In base 5, what is -220311224 + 10?
-220311214
In base 2, what is -11001 + 1100001010010?
1100000111001
In base 14, what is -6 + -150dc?
-15104
In base 9, what is 370881 - 1?
370880
In base 3, what is 202121011 - 22?
202120212
In base 8, what is -22 - 171?
-213
In base 11, what is 70 - -71?
131
In base 13, what is -2 + -1b27a?
-1b27c
In base 6, what is 3 + 253112?
253115
In base 13, what is 4 + -897?
-893
In base 10, what is 128994 - -7?
129001
In base 7, what is -21 - -3142?
3121
In base 2, what is -110011 + 110110101?
110000010
In base 7, what is -16225 - 104?
-16332
In base 4, what is 1031 - 20313?
-13222
In base 7, what is 4 - -64155?
64162
In base 11, what is -703645 + -2?
-703647
In base 10, what is -27539 + 38?
-27501
In base 6, what is 5 + -2322210?
-2322201
In base 4, what is 122002003 + -1?
122002002
In base 3, what is 22220222 - 2?
22220220
In base 3, what is -2011012110101 + -12?
-2011012110120
In base 7, what is -153335 - -42?
-153263
In base 9, what is -1 + -10354?
-10355
In base 5, what is -10 - -3323244?
3323234
In base 7, what is -30625 - -442?
-30153
In base 4, what is -13 - -22232210?
22232131
In base 15, what is -556aa - -4?
-556a6
In base 15, what is 750 - ea?
655
In base 13, what is -22 + -c69a?
-c6bc
In base 7, what is -311 + -42?
-353
In base 10, what is 175854 - -3?
175857
In base 7, what is 14325 + -2125?
12200
In base 7, what is -20 - 255154?
-255204
In base 8, what is -16001 - -1?
-16000
In base 4, what is 110303210 + 0?
110303210
In base 7, what is 0 - 165432?
-165432
In base 16, what is -aa - 3cf?
-479
In base 10, what is -3355 + 3?
-3352
In base 10, what is -3223 - 253?
-34